{"id":199,"date":"2018-09-23T20:44:23","date_gmt":"2018-09-23T23:44:23","guid":{"rendered":"https:\/\/gupea.ufpr.br\/?page_id=199"},"modified":"2018-10-06T17:58:00","modified_gmt":"2018-10-06T20:58:00","slug":"professores-colaboradores","status":"publish","type":"page","link":"https:\/\/gupea.ufpr.br\/?page_id=199","title":{"rendered":"Professoras Colaboradoras"},"content":{"rendered":"<p><strong>Professoras Colaboradoras<\/strong><\/p>\n<p style=\"text-align: left;\"><strong><span style=\"color: #339966;\">Profa. Dra. Caroline Opolski Medeiros\u00a0 \u00a0 <a href=\"http:\/\/lattes.cnpq.br\/0869452165106724\"><img decoding=\"async\" src=\"https:\/\/gupea.ufpr.br\/wp-content\/uploads\/2018\/09\/icon_Lattest-e1537746987537.png\" \/><\/a> \u00a0 \u00a0 \u00a0 \u00a0 \u00a0 \u00a0 \u00a0 \u00a0 \u00a0 \u00a0 \u00a0 \u00a0 \u00a0 \u00a0 \u00a0 \u00a0 \u00a0 \u00a0 \u00a0 \u00a0 \u00a0 \u00a0 \u00a0 \u00a0 \u00a0 \u00a0 \u00a0 \u00a0 \u00a0 \u00a0 <\/span><\/strong><span style=\"font-size: 1rem;\">Universidade Federal do Paran\u00e1 &#8211; Departamento de Nutri\u00e7\u00e3o<\/span><\/p>\n<p><img loading=\"lazy\" decoding=\"async\" class=\"alignnone wp-image-179 size-full\" src=\"https:\/\/gupea.ufpr.br\/wp-content\/uploads\/2018\/09\/caroline-e1537745790925.jpg\" alt=\"\" width=\"125\" height=\"125\" \/><\/p>\n<p><strong style=\"font-size: 1rem;\"><span style=\"color: #339966;\">Profa. Dra. Danielle G\u00f3es da Silva\u00a0 \u00a0 \u00a0<strong><a href=\"http:\/\/lattes.cnpq.br\/7909597209943821\"><img decoding=\"async\" src=\"https:\/\/gupea.ufpr.br\/wp-content\/uploads\/2018\/09\/icon_Lattest-e1537746987537.png\" \/><\/a><\/strong> \u00a0 \u00a0 \u00a0\u00a0<\/span><\/strong><strong style=\"font-size: 1rem;\"><span style=\"color: #339966;\">\u00a0 \u00a0 \u00a0 \u00a0 \u00a0 \u00a0 \u00a0 \u00a0 \u00a0 \u00a0 \u00a0 \u00a0 \u00a0 \u00a0 \u00a0 \u00a0 \u00a0 \u00a0 \u00a0 \u00a0 \u00a0 \u00a0 \u00a0 \u00a0 \u00a0 \u00a0 \u00a0 \u00a0 \u00a0 \u00a0 \u00a0 \u00a0 \u00a0 <\/span><\/strong><span style=\"font-size: 1rem;\">Universidade Federal do Sergipe &#8211; Departamento de Nutri\u00e7\u00e3o<\/span><\/p>\n<p><img loading=\"lazy\" decoding=\"async\" class=\"alignnone size-full wp-image-224\" src=\"https:\/\/gupea.ufpr.br\/wp-content\/uploads\/2018\/09\/dani-e1537745762888.png\" alt=\"\" width=\"100\" height=\"125\" \/><\/p>\n<p style=\"text-align: left;\"><strong><span style=\"color: #339966;\">Profa. Dra. Suzi Alves Camey\u00a0 \u00a0 <strong style=\"font-size: 1rem;\"><a href=\"http:\/\/lattes.cnpq.br\/8280035478871760\"><img decoding=\"async\" src=\"https:\/\/gupea.ufpr.br\/wp-content\/uploads\/2018\/09\/icon_Lattest-e1537746987537.png\" \/><\/a><\/strong>\u00a0 \u00a0 \u00a0 \u00a0 \u00a0 \u00a0 \u00a0 \u00a0 \u00a0<\/span><\/strong><strong><span style=\"color: #339966;\">\u00a0 \u00a0 \u00a0 \u00a0 \u00a0 \u00a0 \u00a0 \u00a0 \u00a0 \u00a0 \u00a0 \u00a0 \u00a0 \u00a0 \u00a0 \u00a0 \u00a0 \u00a0 \u00a0 \u00a0 \u00a0 \u00a0 \u00a0 \u00a0 \u00a0 \u00a0 \u00a0 \u00a0 \u00a0 \u00a0 \u00a0 \u00a0 \u00a0 <\/span><\/strong><span style=\"font-size: 1rem;\">Universidade Federal do Rio Grande do Sul &#8211; Instituto de Matem\u00e1tica e Estat\u00edstica<\/span><\/p>\n<p><img loading=\"lazy\" decoding=\"async\" class=\"alignnone wp-image-223 size-full\" src=\"https:\/\/gupea.ufpr.br\/wp-content\/uploads\/2018\/09\/suzi-e1537746129168.jpg\" alt=\"\" width=\"110\" height=\"147\" \/><\/p>\n<p><strong><span style=\"color: #339966;\">Profa. Dra. Marianna de Camargo Cancela\u00a0<\/span><\/strong><strong><span style=\"color: #339966;\">\u00a0 \u00a0<strong style=\"font-size: 1rem;\"><a href=\"http:\/\/lattes.cnpq.br\/7515982754589252\"><img decoding=\"async\" src=\"https:\/\/gupea.ufpr.br\/wp-content\/uploads\/2018\/09\/icon_Lattest-e1537746987537.png\" \/><\/a><\/strong> \u00a0 \u00a0 \u00a0 \u00a0<\/span><\/strong><strong><span style=\"color: #339966;\">\u00a0 \u00a0 \u00a0 \u00a0 \u00a0 \u00a0 \u00a0 \u00a0 \u00a0 \u00a0 \u00a0 \u00a0 \u00a0 \u00a0 \u00a0 \u00a0 \u00a0 \u00a0 \u00a0 \u00a0 \u00a0<\/span><\/strong>Instituto Nacional de C\u00e2ncer, Divis\u00e3o de Pesquisa Populacional<\/p>\n<p><img loading=\"lazy\" decoding=\"async\" class=\"alignnone wp-image-221 size-full\" src=\"https:\/\/gupea.ufpr.br\/wp-content\/uploads\/2018\/09\/Mariana-e1537746250941.jpg\" alt=\"\" width=\"125\" height=\"125\" \/><\/p>\n<p>&nbsp;<\/p>\n","protected":false},"excerpt":{"rendered":"<p>Professoras Colaboradoras Profa. Dra. Caroline Opolski Medeiros\u00a0 \u00a0 \u00a0 \u00a0 \u00a0 \u00a0 \u00a0 \u00a0 \u00a0 \u00a0 \u00a0 \u00a0 \u00a0 \u00a0 \u00a0 \u00a0 \u00a0 \u00a0 \u00a0 \u00a0 \u00a0 \u00a0 \u00a0 \u00a0 \u00a0 \u00a0 \u00a0 \u00a0 \u00a0 \u00a0 \u00a0 \u00a0 Universidade Federal do Paran\u00e1 &#8211; Departamento de Nutri\u00e7\u00e3o Profa. Dra. Danielle G\u00f3es da Silva\u00a0 \u00a0 \u00a0 \u00a0 &hellip; <\/p>\n<p class=\"link-more\"><a href=\"https:\/\/gupea.ufpr.br\/?page_id=199\" class=\"more-link\">Continue lendo<span class=\"screen-reader-text\"> &#8220;Professoras Colaboradoras&#8221;<\/span><\/a><\/p>\n","protected":false},"author":1,"featured_media":0,"parent":0,"menu_order":0,"comment_status":"closed","ping_status":"closed","template":"","meta":{"footnotes":""},"class_list":["post-199","page","type-page","status-publish","hentry"],"_links":{"self":[{"href":"https:\/\/gupea.ufpr.br\/index.php?rest_route=\/wp\/v2\/pages\/199","targetHints":{"allow":["GET"]}}],"collection":[{"href":"https:\/\/gupea.ufpr.br\/index.php?rest_route=\/wp\/v2\/pages"}],"about":[{"href":"https:\/\/gupea.ufpr.br\/index.php?rest_route=\/wp\/v2\/types\/page"}],"author":[{"embeddable":true,"href":"https:\/\/gupea.ufpr.br\/index.php?rest_route=\/wp\/v2\/users\/1"}],"replies":[{"embeddable":true,"href":"https:\/\/gupea.ufpr.br\/index.php?rest_route=%2Fwp%2Fv2%2Fcomments&post=199"}],"version-history":[{"count":11,"href":"https:\/\/gupea.ufpr.br\/index.php?rest_route=\/wp\/v2\/pages\/199\/revisions"}],"predecessor-version":[{"id":306,"href":"https:\/\/gupea.ufpr.br\/index.php?rest_route=\/wp\/v2\/pages\/199\/revisions\/306"}],"wp:attachment":[{"href":"https:\/\/gupea.ufpr.br\/index.php?rest_route=%2Fwp%2Fv2%2Fmedia&parent=199"}],"curies":[{"name":"wp","href":"https:\/\/api.w.org\/{rel}","templated":true}]}}