{"id":316,"date":"2019-01-24T15:32:02","date_gmt":"2019-01-24T17:32:02","guid":{"rendered":"https:\/\/gupea.ufpr.br\/?page_id=316"},"modified":"2019-01-30T00:43:35","modified_gmt":"2019-01-30T02:43:35","slug":"videos-instrucionais-avaliacao-do-consumo-alimentar","status":"publish","type":"page","link":"https:\/\/gupea.ufpr.br\/?page_id=316","title":{"rendered":"V\u00eddeos instrucionais: Avalia\u00e7\u00e3o do Consumo Alimentar"},"content":{"rendered":"<p>| <a href=\"https:\/\/www.youtube.com\/watch?v=MqwV6bhGY88\" target=\"_blank\" rel=\"noopener\">V\u00eddeo 1<\/a> | <a href=\"https:\/\/www.youtube.com\/watch?v=MqwV6bhGY88\" target=\"_blank\" rel=\"noopener\">V\u00eddeo 2<\/a> |\u00a0<span style=\"font-size: 1rem;\"><a href=\"https:\/\/www.youtube.com\/watch?v=IvPQhig3a2o\" target=\"_blank\" rel=\"noopener\">V\u00eddeo 3<\/a>\u00a0<\/span><span style=\"font-size: 1rem;\">|\u00a0<\/span><a href=\"https:\/\/youtu.be\/9wfCAmsOzj0\" target=\"_blank\" rel=\"noopener\"><span style=\"font-size: 1rem;\">V\u00eddeo 4<\/span><\/a><span style=\"font-size: 1rem;\">| <\/span><span style=\"font-size: 1rem;\"><a href=\"https:\/\/www.youtube.com\/watch?v=e9g6SN3OiDQ\" target=\"_blank\" rel=\"noopener\">V\u00eddeo 5<\/a> |<\/span><\/p>\n<hr \/>\n<p><em>V\u00eddeo 1 (13:28 min) <\/em><strong><br \/>\nRecordat\u00f3rio 24-horas adaptado e o m\u00e9todo do m\u00faltiplo-passo<\/strong><br \/>\n<iframe loading=\"lazy\" src=\"https:\/\/www.youtube.com\/embed\/MqwV6bhGY88\" width=\"560\" height=\"315\" frameborder=\"0\" allowfullscreen=\"allowfullscreen\"><\/iframe><\/p>\n<p><em>V\u00eddeo 2 (15:06 min) <\/em><strong><br \/>\nDetalhamento do recordat\u00f3rio 24-horas<\/strong><br \/>\n<iframe loading=\"lazy\" src=\"https:\/\/www.youtube.com\/embed\/urOYjNx6udM\" width=\"560\" height=\"315\" frameborder=\"0\" allowfullscreen=\"allowfullscreen\"><\/iframe><\/p>\n<p><em>V\u00eddeo 3 (16:17 min)<\/em> <strong><br \/>\nQuantifica\u00e7\u00e3o no recordat\u00f3rio 24-horas e uso do \u00e1lbum<\/strong><br \/>\n<iframe loading=\"lazy\" src=\"https:\/\/www.youtube.com\/embed\/IvPQhig3a2o\" width=\"560\" height=\"315\" frameborder=\"0\" allowfullscreen=\"allowfullscreen\"><\/iframe><\/p>\n<p><em>V\u00eddeo 4 (37:33 min) <\/em><strong><br \/>\nEntrevista exemplo com dicas e instru\u00e7\u00f5es<\/strong><br \/>\n<iframe loading=\"lazy\" src=\"https:\/\/www.youtube.com\/embed\/9wfCAmsOzj0?start=5\" width=\"560\" height=\"315\" frameborder=\"0\" allowfullscreen=\"allowfullscreen\"><\/iframe><\/p>\n<p><em>V\u00eddeo 5 (05:17 min)<\/em><br \/>\n<strong>Conduta do entrevistador na entrevista do Recordat\u00f3rio 24 horas<\/strong><br \/>\n<iframe loading=\"lazy\" src=\"https:\/\/www.youtube.com\/embed\/e9g6SN3OiDQ\" width=\"560\" height=\"315\" frameborder=\"0\" allowfullscreen=\"allowfullscreen\"><\/iframe><\/p>\n<p><strong>Cr\u00e9ditos:<\/strong><br \/>\nCoordena\u00e7\u00e3o: Sandra Patricia Crispim<br \/>\nEquipe t\u00e9cnica: D\u00e9bora Leticia Frizzi Silva; Giovana Regina Ferreira e L\u00facio Sulzbach Silva<\/p>\n","protected":false},"excerpt":{"rendered":"<p>| V\u00eddeo 1 | V\u00eddeo 2 |\u00a0V\u00eddeo 3\u00a0|\u00a0V\u00eddeo 4| V\u00eddeo 5 | V\u00eddeo 1 (13:28 min) Recordat\u00f3rio 24-horas adaptado e o m\u00e9todo do m\u00faltiplo-passo V\u00eddeo 2 (15:06 min) Detalhamento do recordat\u00f3rio 24-horas V\u00eddeo 3 (16:17 min) Quantifica\u00e7\u00e3o no recordat\u00f3rio 24-horas e uso do \u00e1lbum V\u00eddeo 4 (37:33 min) Entrevista exemplo com dicas e instru\u00e7\u00f5es V\u00eddeo &hellip; <\/p>\n<p class=\"link-more\"><a href=\"https:\/\/gupea.ufpr.br\/?page_id=316\" class=\"more-link\">Continue lendo<span class=\"screen-reader-text\"> &#8220;V\u00eddeos instrucionais: Avalia\u00e7\u00e3o do Consumo Alimentar&#8221;<\/span><\/a><\/p>\n","protected":false},"author":1,"featured_media":0,"parent":0,"menu_order":0,"comment_status":"closed","ping_status":"closed","template":"","meta":{"footnotes":""},"class_list":["post-316","page","type-page","status-publish","hentry"],"_links":{"self":[{"href":"https:\/\/gupea.ufpr.br\/index.php?rest_route=\/wp\/v2\/pages\/316","targetHints":{"allow":["GET"]}}],"collection":[{"href":"https:\/\/gupea.ufpr.br\/index.php?rest_route=\/wp\/v2\/pages"}],"about":[{"href":"https:\/\/gupea.ufpr.br\/index.php?rest_route=\/wp\/v2\/types\/page"}],"author":[{"embeddable":true,"href":"https:\/\/gupea.ufpr.br\/index.php?rest_route=\/wp\/v2\/users\/1"}],"replies":[{"embeddable":true,"href":"https:\/\/gupea.ufpr.br\/index.php?rest_route=%2Fwp%2Fv2%2Fcomments&post=316"}],"version-history":[{"count":40,"href":"https:\/\/gupea.ufpr.br\/index.php?rest_route=\/wp\/v2\/pages\/316\/revisions"}],"predecessor-version":[{"id":409,"href":"https:\/\/gupea.ufpr.br\/index.php?rest_route=\/wp\/v2\/pages\/316\/revisions\/409"}],"wp:attachment":[{"href":"https:\/\/gupea.ufpr.br\/index.php?rest_route=%2Fwp%2Fv2%2Fmedia&parent=316"}],"curies":[{"name":"wp","href":"https:\/\/api.w.org\/{rel}","templated":true}]}}

Vídeos instrucionais: Avaliação do Consumo Alimentar

<p>| <a href="https://www.youtube.com/watch?v=MqwV6bhGY88" target="_blank" rel="noopener">Vídeo 1</a> | <a href="https://www.youtube.com/watch?v=MqwV6bhGY88" target="_blank" rel="noopener">Vídeo 2</a> | <span style="font-size: 1rem;"><a href="https://www.youtube.com/watch?v=IvPQhig3a2o" target="_blank" rel="noopener">Vídeo 3</a> </span><span style="font-size: 1rem;">| </span><a href="https://youtu.be/9wfCAmsOzj0" target="_blank" rel="noopener"><span style="font-size: 1rem;">Vídeo 4</span></a><span style="font-size: 1rem;">| </span><span style="font-size: 1rem;"><a href="https://www.youtube.com/watch?v=e9g6SN3OiDQ" target="_blank" rel="noopener">Vídeo 5</a> |</span></p>
<hr />
<p><em>Vídeo 1 (13:28 min) </em><strong><br />
Recordatório 24-horas adaptado e o método do múltiplo-passo</strong><br />
<iframe loading="lazy" src="https://www.youtube.com/embed/MqwV6bhGY88" width="560" height="315" frameborder="0" allowfullscreen="allowfullscreen"></iframe></p>
<p><em>Vídeo 2 (15:06 min) </em><strong><br />
Detalhamento do recordatório 24-horas</strong><br />
<iframe loading="lazy" src="https://www.youtube.com/embed/urOYjNx6udM" width="560" height="315" frameborder="0" allowfullscreen="allowfullscreen"></iframe></p>
<p><em>Vídeo 3 (16:17 min)</em> <strong><br />
Quantificação no recordatório 24-horas e uso do álbum</strong><br />
<iframe loading="lazy" src="https://www.youtube.com/embed/IvPQhig3a2o" width="560" height="315" frameborder="0" allowfullscreen="allowfullscreen"></iframe></p>
<p><em>Vídeo 4 (37:33 min) </em><strong><br />
Entrevista exemplo com dicas e instruções</strong><br />
<iframe loading="lazy" src="https://www.youtube.com/embed/9wfCAmsOzj0?start=5" width="560" height="315" frameborder="0" allowfullscreen="allowfullscreen"></iframe></p>
<p><em>Vídeo 5 (05:17 min)</em><br />
<strong>Conduta do entrevistador na entrevista do Recordatório 24 horas</strong><br />
<iframe loading="lazy" src="https://www.youtube.com/embed/e9g6SN3OiDQ" width="560" height="315" frameborder="0" allowfullscreen="allowfullscreen"></iframe></p>
<p><strong>Créditos:</strong><br />
Coordenação: Sandra Patricia Crispim<br />
Equipe técnica: Débora Leticia Frizzi Silva; Giovana Regina Ferreira e Lúcio Sulzbach Silva</p>

<p>| Vídeo 1 | Vídeo 2 | Vídeo 3 | Vídeo 4| Vídeo 5 | Vídeo 1 (13:28 min) Recordatório 24-horas adaptado e o método do múltiplo-passo Vídeo 2 (15:06 min) Detalhamento do recordatório 24-horas Vídeo 3 (16:17 min) Quantificação no recordatório 24-horas e uso do álbum Vídeo 4 (37:33 min) Entrevista exemplo com dicas e instruções Vídeo &hellip; </p>
<p class="link-more"><a href="https://gupea.ufpr.br/?page_id=316" class="more-link">Continue lendo<span class="screen-reader-text"> &#8220;Vídeos instrucionais: Avaliação do Consumo Alimentar&#8221;</span></a></p>
