{"id":581,"date":"2019-05-11T23:21:00","date_gmt":"2019-05-12T02:21:00","guid":{"rendered":"https:\/\/gupea.ufpr.br\/?page_id=581"},"modified":"2019-05-11T23:32:21","modified_gmt":"2019-05-12T02:32:21","slug":"valida","status":"publish","type":"page","link":"https:\/\/gupea.ufpr.br\/?page_id=581","title":{"rendered":"VALIDA"},"content":{"rendered":"<p><strong>ESTUDO VALIDA<\/strong><\/p>\n<p>Os desafios atribu\u00eddos a mensura\u00e7\u00e3o na dieta t\u00eam reflexo direto na falta de evid\u00eancia cient\u00edfica das associa\u00e7\u00f5es entre fatores diet\u00e9ticos e a maioria das doen\u00e7as cr\u00f4nicas n\u00e3o transm\u00edsiveis, devido a complexidade de estudo da dieta. Como consequ\u00eancia, esta situa\u00e7\u00e3o contribui para a falta de metodologias confi\u00e1veis e compar\u00e1veis para monitorar e compreender a transi\u00e7\u00e3o nutricional e sua associa\u00e7\u00e3o com as doen\u00e7as. Um dos grandes desafios na medida da dieta refere se a estima\u00e7\u00e3o da por\u00e7\u00e3o alimentar. Este projeto trata de validar recursos visuais (e.g. \u00e1lbum de fotos e forma de alimentos) para auxiliar a quantifica\u00e7\u00e3o de alimentos consumidos pela popula\u00e7\u00e3o brasileira em perspectiva do Projeto LA-DIETA. O estudo abordou a avalia\u00e7\u00e3o cognitiva dos entrevistados, por meio de tr\u00eas estudos: avalia\u00e7\u00e3o da percep\u00e7\u00e3o, conceitualiza\u00e7\u00e3o, mem\u00f3ria de 24-horas; al\u00e9m da realiza\u00e7\u00e3o de estudos qualitativos, por meio de grupos focais e entrevistas semi-estruturadas.<\/p>\n<p>O estudo j\u00e1 gerou algumas disserta\u00e7\u00f5es e publica\u00e7\u00f5es:<\/p>\n<p>Nichelle, P.G.; Almeida, C.C.B.; Camey, S.A.; Garmus, L.M.; Elias, V.C.M.; Marchioni, D.M.; da Silva, D.G.; Ocke, M.C.; Slimani, N.; Fisberg, R.M.; Crispim, S.P.\u00a0<a href=\"https:\/\/www.mdpi.com\/2072-6643\/11\/3\/501\">Subjects\u2019 Perception in Quantifying Printed and Digital Photos of Food Portions<\/a>.\u00a0<em>Nutrients<\/em>\u00a02019,\u00a0<em>11<\/em>, 501.<\/p>\n<p>Nichelle, P.G.\u00a0<a href=\"https:\/\/www.prppg.ufpr.br\/siga\/visitante\/trabalhoConclusaoWS?idpessoal=37593&amp;idprograma=40001016074P7&amp;anobase=2017&amp;idtc=1\">Percep\u00e7\u00e3o e conceitualiza\u00e7\u00e3o na quantifica\u00e7\u00e3o fotogr\u00e1fica de por\u00e7\u00f5es alimentares<\/a>, UFPR, 2017.<\/p>\n<p>Santos, N.A.\u00a0<a href=\"https:\/\/www.prppg.ufpr.br\/siga\/visitante\/trabalhoConclusaoWS?idpessoal=54355&amp;idprograma=40001016074P7&amp;anobase=2018&amp;idtc=18\">A entrevista do recordat\u00f3rio de 24 horas: um estudo qualitativo sobre a percep\u00e7\u00e3o de indiv\u00edduos<\/a>, UFPR, 2018.<\/p>\n<p>Algumas fotos do estudo:<\/p>\n<p><img loading=\"lazy\" decoding=\"async\" class=\"alignnone size-thumbnail wp-image-585\" src=\"https:\/\/gupea.ufpr.br\/wp-content\/uploads\/2019\/05\/valida11-150x150.jpg\" alt=\"\" width=\"150\" height=\"150\" srcset=\"https:\/\/gupea.ufpr.br\/wp-content\/uploads\/2019\/05\/valida11-150x150.jpg 150w, https:\/\/gupea.ufpr.br\/wp-content\/uploads\/2019\/05\/valida11-100x100.jpg 100w\" sizes=\"auto, (max-width: 150px) 100vw, 150px\" \/> <img loading=\"lazy\" decoding=\"async\" class=\"alignnone size-thumbnail wp-image-586\" src=\"https:\/\/gupea.ufpr.br\/wp-content\/uploads\/2019\/05\/valida12-150x150.jpg\" alt=\"\" width=\"150\" height=\"150\" srcset=\"https:\/\/gupea.ufpr.br\/wp-content\/uploads\/2019\/05\/valida12-150x150.jpg 150w, https:\/\/gupea.ufpr.br\/wp-content\/uploads\/2019\/05\/valida12-100x100.jpg 100w\" sizes=\"auto, (max-width: 150px) 100vw, 150px\" \/> <img loading=\"lazy\" decoding=\"async\" class=\"alignnone size-thumbnail wp-image-587\" src=\"https:\/\/gupea.ufpr.br\/wp-content\/uploads\/2019\/05\/valida13-150x150.jpg\" alt=\"\" width=\"150\" height=\"150\" srcset=\"https:\/\/gupea.ufpr.br\/wp-content\/uploads\/2019\/05\/valida13-150x150.jpg 150w, https:\/\/gupea.ufpr.br\/wp-content\/uploads\/2019\/05\/valida13-100x100.jpg 100w\" sizes=\"auto, (max-width: 150px) 100vw, 150px\" \/> <img loading=\"lazy\" decoding=\"async\" class=\"alignnone size-thumbnail wp-image-588\" src=\"https:\/\/gupea.ufpr.br\/wp-content\/uploads\/2019\/05\/valida14-150x150.jpg\" alt=\"\" width=\"150\" height=\"150\" srcset=\"https:\/\/gupea.ufpr.br\/wp-content\/uploads\/2019\/05\/valida14-150x150.jpg 150w, https:\/\/gupea.ufpr.br\/wp-content\/uploads\/2019\/05\/valida14-100x100.jpg 100w\" sizes=\"auto, (max-width: 150px) 100vw, 150px\" \/> <img loading=\"lazy\" decoding=\"async\" class=\"alignnone size-thumbnail wp-image-589\" src=\"https:\/\/gupea.ufpr.br\/wp-content\/uploads\/2019\/05\/valida15-150x150.jpg\" alt=\"\" width=\"150\" height=\"150\" srcset=\"https:\/\/gupea.ufpr.br\/wp-content\/uploads\/2019\/05\/valida15-150x150.jpg 150w, https:\/\/gupea.ufpr.br\/wp-content\/uploads\/2019\/05\/valida15-100x100.jpg 100w\" sizes=\"auto, (max-width: 150px) 100vw, 150px\" \/> <img loading=\"lazy\" decoding=\"async\" class=\"alignnone size-thumbnail wp-image-590\" src=\"https:\/\/gupea.ufpr.br\/wp-content\/uploads\/2019\/05\/valida16-150x150.jpg\" alt=\"\" width=\"150\" height=\"150\" srcset=\"https:\/\/gupea.ufpr.br\/wp-content\/uploads\/2019\/05\/valida16-150x150.jpg 150w, https:\/\/gupea.ufpr.br\/wp-content\/uploads\/2019\/05\/valida16-100x100.jpg 100w\" sizes=\"auto, (max-width: 150px) 100vw, 150px\" \/> <img loading=\"lazy\" decoding=\"async\" class=\"alignnone size-thumbnail wp-image-591\" src=\"https:\/\/gupea.ufpr.br\/wp-content\/uploads\/2019\/05\/valida17-150x150.jpg\" alt=\"\" width=\"150\" height=\"150\" srcset=\"https:\/\/gupea.ufpr.br\/wp-content\/uploads\/2019\/05\/valida17-150x150.jpg 150w, https:\/\/gupea.ufpr.br\/wp-content\/uploads\/2019\/05\/valida17-100x100.jpg 100w\" sizes=\"auto, (max-width: 150px) 100vw, 150px\" \/> <img loading=\"lazy\" decoding=\"async\" class=\"alignnone size-thumbnail wp-image-592\" src=\"https:\/\/gupea.ufpr.br\/wp-content\/uploads\/2019\/05\/valida18-150x150.jpg\" alt=\"\" width=\"150\" height=\"150\" srcset=\"https:\/\/gupea.ufpr.br\/wp-content\/uploads\/2019\/05\/valida18-150x150.jpg 150w, https:\/\/gupea.ufpr.br\/wp-content\/uploads\/2019\/05\/valida18-100x100.jpg 100w\" sizes=\"auto, (max-width: 150px) 100vw, 150px\" \/> <img loading=\"lazy\" decoding=\"async\" class=\"alignnone size-thumbnail wp-image-593\" src=\"https:\/\/gupea.ufpr.br\/wp-content\/uploads\/2019\/05\/valida19-150x150.jpg\" alt=\"\" width=\"150\" height=\"150\" srcset=\"https:\/\/gupea.ufpr.br\/wp-content\/uploads\/2019\/05\/valida19-150x150.jpg 150w, https:\/\/gupea.ufpr.br\/wp-content\/uploads\/2019\/05\/valida19-100x100.jpg 100w\" sizes=\"auto, (max-width: 150px) 100vw, 150px\" \/> <img loading=\"lazy\" decoding=\"async\" class=\"alignnone size-thumbnail wp-image-594\" src=\"https:\/\/gupea.ufpr.br\/wp-content\/uploads\/2019\/05\/valida20-150x150.png\" alt=\"\" width=\"150\" height=\"150\" srcset=\"https:\/\/gupea.ufpr.br\/wp-content\/uploads\/2019\/05\/valida20-150x150.png 150w, https:\/\/gupea.ufpr.br\/wp-content\/uploads\/2019\/05\/valida20-100x100.png 100w\" sizes=\"auto, (max-width: 150px) 100vw, 150px\" \/><\/p>\n","protected":false},"excerpt":{"rendered":"<p>ESTUDO VALIDA Os desafios atribu\u00eddos a mensura\u00e7\u00e3o na dieta t\u00eam reflexo direto na falta de evid\u00eancia cient\u00edfica das associa\u00e7\u00f5es entre fatores diet\u00e9ticos e a maioria das doen\u00e7as cr\u00f4nicas n\u00e3o transm\u00edsiveis, devido a complexidade de estudo da dieta. Como consequ\u00eancia, esta situa\u00e7\u00e3o contribui para a falta de metodologias confi\u00e1veis e compar\u00e1veis para monitorar e compreender a &hellip; <\/p>\n<p class=\"link-more\"><a href=\"https:\/\/gupea.ufpr.br\/?page_id=581\" class=\"more-link\">Continue lendo<span class=\"screen-reader-text\"> &#8220;VALIDA&#8221;<\/span><\/a><\/p>\n","protected":false},"author":1,"featured_media":0,"parent":0,"menu_order":0,"comment_status":"closed","ping_status":"closed","template":"","meta":{"footnotes":""},"class_list":["post-581","page","type-page","status-publish","hentry"],"_links":{"self":[{"href":"https:\/\/gupea.ufpr.br\/index.php?rest_route=\/wp\/v2\/pages\/581","targetHints":{"allow":["GET"]}}],"collection":[{"href":"https:\/\/gupea.ufpr.br\/index.php?rest_route=\/wp\/v2\/pages"}],"about":[{"href":"https:\/\/gupea.ufpr.br\/index.php?rest_route=\/wp\/v2\/types\/page"}],"author":[{"embeddable":true,"href":"https:\/\/gupea.ufpr.br\/index.php?rest_route=\/wp\/v2\/users\/1"}],"replies":[{"embeddable":true,"href":"https:\/\/gupea.ufpr.br\/index.php?rest_route=%2Fwp%2Fv2%2Fcomments&post=581"}],"version-history":[{"count":7,"href":"https:\/\/gupea.ufpr.br\/index.php?rest_route=\/wp\/v2\/pages\/581\/revisions"}],"predecessor-version":[{"id":598,"href":"https:\/\/gupea.ufpr.br\/index.php?rest_route=\/wp\/v2\/pages\/581\/revisions\/598"}],"wp:attachment":[{"href":"https:\/\/gupea.ufpr.br\/index.php?rest_route=%2Fwp%2Fv2%2Fmedia&parent=581"}],"curies":[{"name":"wp","href":"https:\/\/api.w.org\/{rel}","templated":true}]}}

<p><strong>ESTUDO VALIDA</strong></p>
<p>Os desafios atribuídos a mensuração na dieta têm reflexo direto na falta de evidência científica das associações entre fatores dietéticos e a maioria das doenças crônicas não transmísiveis, devido a complexidade de estudo da dieta. Como consequência, esta situação contribui para a falta de metodologias confiáveis e comparáveis para monitorar e compreender a transição nutricional e sua associação com as doenças. Um dos grandes desafios na medida da dieta refere se a estimação da porção alimentar. Este projeto trata de validar recursos visuais (e.g. álbum de fotos e forma de alimentos) para auxiliar a quantificação de alimentos consumidos pela população brasileira em perspectiva do Projeto LA-DIETA. O estudo abordou a avaliação cognitiva dos entrevistados, por meio de três estudos: avaliação da percepção, conceitualização, memória de 24-horas; além da realização de estudos qualitativos, por meio de grupos focais e entrevistas semi-estruturadas.</p>
<p>O estudo já gerou algumas dissertações e publicações:</p>
<p>Nichelle, P.G.; Almeida, C.C.B.; Camey, S.A.; Garmus, L.M.; Elias, V.C.M.; Marchioni, D.M.; da Silva, D.G.; Ocke, M.C.; Slimani, N.; Fisberg, R.M.; Crispim, S.P. <a href="https://www.mdpi.com/2072-6643/11/3/501">Subjects’ Perception in Quantifying Printed and Digital Photos of Food Portions</a>. <em>Nutrients</em> 2019, <em>11</em>, 501.</p>
<p>Nichelle, P.G. <a href="https://www.prppg.ufpr.br/siga/visitante/trabalhoConclusaoWS?idpessoal=37593&amp;idprograma=40001016074P7&amp;anobase=2017&amp;idtc=1">Percepção e conceitualização na quantificação fotográfica de porções alimentares</a>, UFPR, 2017.</p>
<p>Santos, N.A. <a href="https://www.prppg.ufpr.br/siga/visitante/trabalhoConclusaoWS?idpessoal=54355&amp;idprograma=40001016074P7&amp;anobase=2018&amp;idtc=18">A entrevista do recordatório de 24 horas: um estudo qualitativo sobre a percepção de indivíduos</a>, UFPR, 2018.</p>
<p>Algumas fotos do estudo:</p>
<p><img loading="lazy" decoding="async" class="alignnone size-thumbnail wp-image-585" src="https://gupea.ufpr.br/wp-content/uploads/2019/05/valida11-150x150.jpg" alt="" width="150" height="150" srcset="https://gupea.ufpr.br/wp-content/uploads/2019/05/valida11-150x150.jpg 150w, https://gupea.ufpr.br/wp-content/uploads/2019/05/valida11-100x100.jpg 100w" sizes="auto, (max-width: 150px) 100vw, 150px" /> <img loading="lazy" decoding="async" class="alignnone size-thumbnail wp-image-586" src="https://gupea.ufpr.br/wp-content/uploads/2019/05/valida12-150x150.jpg" alt="" width="150" height="150" srcset="https://gupea.ufpr.br/wp-content/uploads/2019/05/valida12-150x150.jpg 150w, https://gupea.ufpr.br/wp-content/uploads/2019/05/valida12-100x100.jpg 100w" sizes="auto, (max-width: 150px) 100vw, 150px" /> <img loading="lazy" decoding="async" class="alignnone size-thumbnail wp-image-587" src="https://gupea.ufpr.br/wp-content/uploads/2019/05/valida13-150x150.jpg" alt="" width="150" height="150" srcset="https://gupea.ufpr.br/wp-content/uploads/2019/05/valida13-150x150.jpg 150w, https://gupea.ufpr.br/wp-content/uploads/2019/05/valida13-100x100.jpg 100w" sizes="auto, (max-width: 150px) 100vw, 150px" /> <img loading="lazy" decoding="async" class="alignnone size-thumbnail wp-image-588" src="https://gupea.ufpr.br/wp-content/uploads/2019/05/valida14-150x150.jpg" alt="" width="150" height="150" srcset="https://gupea.ufpr.br/wp-content/uploads/2019/05/valida14-150x150.jpg 150w, https://gupea.ufpr.br/wp-content/uploads/2019/05/valida14-100x100.jpg 100w" sizes="auto, (max-width: 150px) 100vw, 150px" /> <img loading="lazy" decoding="async" class="alignnone size-thumbnail wp-image-589" src="https://gupea.ufpr.br/wp-content/uploads/2019/05/valida15-150x150.jpg" alt="" width="150" height="150" srcset="https://gupea.ufpr.br/wp-content/uploads/2019/05/valida15-150x150.jpg 150w, https://gupea.ufpr.br/wp-content/uploads/2019/05/valida15-100x100.jpg 100w" sizes="auto, (max-width: 150px) 100vw, 150px" /> <img loading="lazy" decoding="async" class="alignnone size-thumbnail wp-image-590" src="https://gupea.ufpr.br/wp-content/uploads/2019/05/valida16-150x150.jpg" alt="" width="150" height="150" srcset="https://gupea.ufpr.br/wp-content/uploads/2019/05/valida16-150x150.jpg 150w, https://gupea.ufpr.br/wp-content/uploads/2019/05/valida16-100x100.jpg 100w" sizes="auto, (max-width: 150px) 100vw, 150px" /> <img loading="lazy" decoding="async" class="alignnone size-thumbnail wp-image-591" src="https://gupea.ufpr.br/wp-content/uploads/2019/05/valida17-150x150.jpg" alt="" width="150" height="150" srcset="https://gupea.ufpr.br/wp-content/uploads/2019/05/valida17-150x150.jpg 150w, https://gupea.ufpr.br/wp-content/uploads/2019/05/valida17-100x100.jpg 100w" sizes="auto, (max-width: 150px) 100vw, 150px" /> <img loading="lazy" decoding="async" class="alignnone size-thumbnail wp-image-592" src="https://gupea.ufpr.br/wp-content/uploads/2019/05/valida18-150x150.jpg" alt="" width="150" height="150" srcset="https://gupea.ufpr.br/wp-content/uploads/2019/05/valida18-150x150.jpg 150w, https://gupea.ufpr.br/wp-content/uploads/2019/05/valida18-100x100.jpg 100w" sizes="auto, (max-width: 150px) 100vw, 150px" /> <img loading="lazy" decoding="async" class="alignnone size-thumbnail wp-image-593" src="https://gupea.ufpr.br/wp-content/uploads/2019/05/valida19-150x150.jpg" alt="" width="150" height="150" srcset="https://gupea.ufpr.br/wp-content/uploads/2019/05/valida19-150x150.jpg 150w, https://gupea.ufpr.br/wp-content/uploads/2019/05/valida19-100x100.jpg 100w" sizes="auto, (max-width: 150px) 100vw, 150px" /> <img loading="lazy" decoding="async" class="alignnone size-thumbnail wp-image-594" src="https://gupea.ufpr.br/wp-content/uploads/2019/05/valida20-150x150.png" alt="" width="150" height="150" srcset="https://gupea.ufpr.br/wp-content/uploads/2019/05/valida20-150x150.png 150w, https://gupea.ufpr.br/wp-content/uploads/2019/05/valida20-100x100.png 100w" sizes="auto, (max-width: 150px) 100vw, 150px" /></p>

<p>ESTUDO VALIDA Os desafios atribuídos a mensuração na dieta têm reflexo direto na falta de evidência científica das associações entre fatores dietéticos e a maioria das doenças crônicas não transmísiveis, devido a complexidade de estudo da dieta. Como consequência, esta situação contribui para a falta de metodologias confiáveis e comparáveis para monitorar e compreender a &hellip; </p>
<p class="link-more"><a href="https://gupea.ufpr.br/?page_id=581" class="more-link">Continue lendo<span class="screen-reader-text"> &#8220;VALIDA&#8221;</span></a></p>
