{"id":78,"date":"2018-09-12T03:14:14","date_gmt":"2018-09-12T03:14:14","guid":{"rendered":"https:\/\/gupea.ufpr.br\/?page_id=78"},"modified":"2018-09-23T20:10:19","modified_gmt":"2018-09-23T23:10:19","slug":"contato","status":"publish","type":"page","link":"https:\/\/gupea.ufpr.br\/?page_id=78","title":{"rendered":"Contato"},"content":{"rendered":"<p><span style=\"color: #339966;\"><strong>Dra. Sandra Patricia Crispim<\/strong><\/span><br \/>\ntel 41 33604012<br \/>\ne-mail: gupea@ufpr.br \/ crispim@ufpr.br<\/p>\n<p><span style=\"color: #339966;\"><strong>Dra. Claudia Choma Bettega Almeida<\/strong><\/span><br \/>\ntel 41 33604012<br \/>\ne-mail: clauchoma@gmail.com<\/p>\n<p><strong>Endere\u00e7o:<\/strong><br \/>\nUniversidade Federal do Paran\u00e1<br \/>\nCampus III \u2013 Jardim Bot\u00e2nico<br \/>\nDepartamento de Nutri\u00e7\u00e3o<br \/>\nAv. Pref. Loth\u00e1rio Meissner, 632<br \/>\nCuritiba, PR CEP 80210-170<\/p>\n","protected":false},"excerpt":{"rendered":"<p>Dra. Sandra Patricia Crispim tel 41 33604012 e-mail: gupea@ufpr.br \/ crispim@ufpr.br Dra. Claudia Choma Bettega Almeida tel 41 33604012 e-mail: clauchoma@gmail.com Endere\u00e7o: Universidade Federal do Paran\u00e1 Campus III \u2013 Jardim Bot\u00e2nico Departamento de Nutri\u00e7\u00e3o Av. Pref. Loth\u00e1rio Meissner, 632 Curitiba, PR CEP 80210-170<\/p>\n","protected":false},"author":1,"featured_media":0,"parent":0,"menu_order":0,"comment_status":"closed","ping_status":"closed","template":"","meta":{"footnotes":""},"class_list":["post-78","page","type-page","status-publish","hentry"],"_links":{"self":[{"href":"https:\/\/gupea.ufpr.br\/index.php?rest_route=\/wp\/v2\/pages\/78","targetHints":{"allow":["GET"]}}],"collection":[{"href":"https:\/\/gupea.ufpr.br\/index.php?rest_route=\/wp\/v2\/pages"}],"about":[{"href":"https:\/\/gupea.ufpr.br\/index.php?rest_route=\/wp\/v2\/types\/page"}],"author":[{"embeddable":true,"href":"https:\/\/gupea.ufpr.br\/index.php?rest_route=\/wp\/v2\/users\/1"}],"replies":[{"embeddable":true,"href":"https:\/\/gupea.ufpr.br\/index.php?rest_route=%2Fwp%2Fv2%2Fcomments&post=78"}],"version-history":[{"count":15,"href":"https:\/\/gupea.ufpr.br\/index.php?rest_route=\/wp\/v2\/pages\/78\/revisions"}],"predecessor-version":[{"id":209,"href":"https:\/\/gupea.ufpr.br\/index.php?rest_route=\/wp\/v2\/pages\/78\/revisions\/209"}],"wp:attachment":[{"href":"https:\/\/gupea.ufpr.br\/index.php?rest_route=%2Fwp%2Fv2%2Fmedia&parent=78"}],"curies":[{"name":"wp","href":"https:\/\/api.w.org\/{rel}","templated":true}]}}